{"id":132,"date":"2013-08-30T22:35:34","date_gmt":"2013-08-30T21:35:34","guid":{"rendered":"http:\/\/www.benoit-de-bretagne.com\/?page_id=132"},"modified":"2013-08-30T22:36:10","modified_gmt":"2013-08-30T21:36:10","slug":"les-nouveaux-materiaux","status":"publish","type":"page","link":"https:\/\/www.benoit-de-bretagne.com\/?page_id=132","title":{"rendered":"Les nouveaux mat\u00e9riaux"},"content":{"rendered":"<p style=\"text-align: justify;\">\u00a0\u00a0 Nombreuses sont les exp\u00e9riences visant \u00e0 remplacer le bois tout en gardant ses caract\u00e9ristiques et en supprimant ses inconv\u00e9nients.<\/p>\n<p style=\"text-align: justify;\">\u00a0\u00a0 En 1968, le Docteur Charles KASHA (chercheur en physique mol\u00e9culaire et a\u00e9ronautique) et le luthier Richard SCHNEIDER men\u00e8rent une recherche sur un mat\u00e9riau susceptible de remplacer le bois mais qui serait plus l\u00e9ger, plus r\u00e9sistant et plus durable. Le Docteur KASHA appliqua ses recherches \u00e0 son secteur d&rsquo;activit\u00e9 (pales d&rsquo;h\u00e9licopt\u00e8res). Il cr\u00e9a ensuite la soci\u00e9t\u00e9 \u00ab\u00a0OVATION\u00a0\u00bb (USA). La table d&rsquo;harmonie est fabriqu\u00e9e en deux \u00e9paisseurs : en \u00ab\u00a0febronic\u00a0\u00bb et une couche de bouleau au milieu. L&rsquo;autre partie de la caisse de r\u00e9sonance (fond et c\u00f4t\u00e9s) est faite en \u00ab\u00a0lyrachord\u00a0\u00bb (fibre de silicone + r\u00e9sines). De nos jours quelques luthiers utilisent ces nouveaux produits ; la plupart sont eux-m\u00eames des scientifiques. Ces mat\u00e9riaux peuvent \u00eatre la fibre de Carbonne, l&rsquo;aluminium, le cuivre, le graphite, le luddite, la silicone, des r\u00e9sines, le polystyr\u00e8ne reconstitu\u00e9 et d&rsquo;autres mat\u00e9riaux composites &#8230;<\/p>\n<p style=\"text-align: justify;\">\u00a0\u00a0 En Australie, le luthier tr\u00e8s renomm\u00e9 Greg SMALLMAN fabrique les guitares de John WILLIAMS en utilisant le polystyr\u00e8ne, le balsa, le graphite, et le luddite. L&rsquo;usine Fran\u00e7aise VIGIER propose des mod\u00e8les \u00e0 90% de graphite et 10% de bois. En Angleterre, le luthier Paul FISHER est connu pour ses associations bois et nouveaux mat\u00e9riaux.<\/p>\n","protected":false},"excerpt":{"rendered":"<p>\u00a0\u00a0 Nombreuses sont les exp\u00e9riences visant \u00e0 remplacer le bois tout en gardant ses caract\u00e9ristiques et en supprimant ses inconv\u00e9nients. \u00a0\u00a0 En 1968, le Docteur Charles KASHA (chercheur en physique mol\u00e9culaire et a\u00e9ronautique) et le luthier Richard SCHNEIDER men\u00e8rent une recherche sur un mat\u00e9riau susceptible de remplacer le bois mais qui serait plus l\u00e9ger, plus [&hellip;]<\/p>\n","protected":false},"author":1,"featured_media":0,"parent":33,"menu_order":0,"comment_status":"closed","ping_status":"closed","template":"pDefault.php","meta":{"ngg_post_thumbnail":0},"_links":{"self":[{"href":"https:\/\/www.benoit-de-bretagne.com\/index.php?rest_route=\/wp\/v2\/pages\/132"}],"collection":[{"href":"https:\/\/www.benoit-de-bretagne.com\/index.php?rest_route=\/wp\/v2\/pages"}],"about":[{"href":"https:\/\/www.benoit-de-bretagne.com\/index.php?rest_route=\/wp\/v2\/types\/page"}],"author":[{"embeddable":true,"href":"https:\/\/www.benoit-de-bretagne.com\/index.php?rest_route=\/wp\/v2\/users\/1"}],"replies":[{"embeddable":true,"href":"https:\/\/www.benoit-de-bretagne.com\/index.php?rest_route=%2Fwp%2Fv2%2Fcomments&post=132"}],"version-history":[{"count":1,"href":"https:\/\/www.benoit-de-bretagne.com\/index.php?rest_route=\/wp\/v2\/pages\/132\/revisions"}],"predecessor-version":[{"id":133,"href":"https:\/\/www.benoit-de-bretagne.com\/index.php?rest_route=\/wp\/v2\/pages\/132\/revisions\/133"}],"up":[{"embeddable":true,"href":"https:\/\/www.benoit-de-bretagne.com\/index.php?rest_route=\/wp\/v2\/pages\/33"}],"wp:attachment":[{"href":"https:\/\/www.benoit-de-bretagne.com\/index.php?rest_route=%2Fwp%2Fv2%2Fmedia&parent=132"}],"curies":[{"name":"wp","href":"https:\/\/api.w.org\/{rel}","templated":true}]}}