{"id":1108,"date":"2013-11-24T14:51:27","date_gmt":"2013-11-24T13:51:27","guid":{"rendered":"http:\/\/www.benoit-de-bretagne.com\/?page_id=1108"},"modified":"2013-11-24T14:51:27","modified_gmt":"2013-11-24T13:51:27","slug":"ukulele-modeles-concert","status":"publish","type":"page","link":"https:\/\/www.benoit-de-bretagne.com\/?page_id=1108","title":{"rendered":"Ukul\u00e9l\u00e9 Mod\u00e8les Concert"},"content":{"rendered":"<p><div id=\"metaslider-id-1105\" style=\"width: 100%; margin: 0 auto;\" class=\"ml-slider-3-20-3 metaslider metaslider-flex metaslider-1105 ml-slider nav-hidden\">\n    <div id=\"metaslider_container_1105\">\n        <div id=\"metaslider_1105\">\n            <ul aria-live=\"polite\" class=\"slides\">\n                <li style=\"display: none; width: 100%;\" class=\"slide-1106 ms-image\"><a href=\"http:\/\/www.benoit-de-bretagne.com\/?p=1095\" target=\"_self\"><img src=\"https:\/\/www.benoit-de-bretagne.com\/wp-content\/uploads\/2013\/11\/benoit-de-bretagne-uku-1-sc-2-300x500.jpg\" height=\"500\" width=\"300\" alt=\"\" class=\"slider-1105 slide-1106\" \/><\/a><div class=\"caption-wrap\"><div class=\"caption\">Ukul\u00e9l\u00e9 Concert Erable Pommel\u00e9<\/div><\/div><\/li>\n                <li style=\"display: none; width: 100%;\" class=\"slide-1107 ms-image\"><a href=\"http:\/\/www.benoit-de-bretagne.com\/?p=1111\" target=\"_self\"><img src=\"https:\/\/www.benoit-de-bretagne.com\/wp-content\/uploads\/2013\/11\/benoit-de-bretagne-uku-2-sc-1-300x500.jpg\" height=\"500\" width=\"300\" alt=\"\" class=\"slider-1105 slide-1107\" \/><\/a><div class=\"caption-wrap\"><div class=\"caption\">Ukul\u00e9l\u00e9 Concert Koa Flamm\u00e9<\/div><\/div><\/li>\n            <\/ul>\n        <\/div>\n        \n    <\/div>\n<\/div><\/p>","protected":false},"excerpt":{"rendered":"","protected":false},"author":1,"featured_media":0,"parent":0,"menu_order":0,"comment_status":"closed","ping_status":"closed","template":"pDefault.php","meta":{"ngg_post_thumbnail":0},"_links":{"self":[{"href":"https:\/\/www.benoit-de-bretagne.com\/index.php?rest_route=\/wp\/v2\/pages\/1108"}],"collection":[{"href":"https:\/\/www.benoit-de-bretagne.com\/index.php?rest_route=\/wp\/v2\/pages"}],"about":[{"href":"https:\/\/www.benoit-de-bretagne.com\/index.php?rest_route=\/wp\/v2\/types\/page"}],"author":[{"embeddable":true,"href":"https:\/\/www.benoit-de-bretagne.com\/index.php?rest_route=\/wp\/v2\/users\/1"}],"replies":[{"embeddable":true,"href":"https:\/\/www.benoit-de-bretagne.com\/index.php?rest_route=%2Fwp%2Fv2%2Fcomments&post=1108"}],"version-history":[{"count":1,"href":"https:\/\/www.benoit-de-bretagne.com\/index.php?rest_route=\/wp\/v2\/pages\/1108\/revisions"}],"predecessor-version":[{"id":1109,"href":"https:\/\/www.benoit-de-bretagne.com\/index.php?rest_route=\/wp\/v2\/pages\/1108\/revisions\/1109"}],"wp:attachment":[{"href":"https:\/\/www.benoit-de-bretagne.com\/index.php?rest_route=%2Fwp%2Fv2%2Fmedia&parent=1108"}],"curies":[{"name":"wp","href":"https:\/\/api.w.org\/{rel}","templated":true}]}}

Ukulélé Modèles Concert

<p><div id="metaslider-id-1105" style="width: 100%; margin: 0 auto;" class="ml-slider-3-20-3 metaslider metaslider-flex metaslider-1105 ml-slider nav-hidden">
    <div id="metaslider_container_1105">
        <div id="metaslider_1105">
            <ul aria-live="polite" class="slides">
                <li style="display: none; width: 100%;" class="slide-1106 ms-image"><a href="http://www.benoit-de-bretagne.com/?p=1095" target="_self"><img src="https://www.benoit-de-bretagne.com/wp-content/uploads/2013/11/benoit-de-bretagne-uku-1-sc-2-300x500.jpg" height="500" width="300" alt="" class="slider-1105 slide-1106" /></a><div class="caption-wrap"><div class="caption">Ukulélé Concert Erable Pommelé</div></div></li>
                <li style="display: none; width: 100%;" class="slide-1107 ms-image"><a href="http://www.benoit-de-bretagne.com/?p=1111" target="_self"><img src="https://www.benoit-de-bretagne.com/wp-content/uploads/2013/11/benoit-de-bretagne-uku-2-sc-1-300x500.jpg" height="500" width="300" alt="" class="slider-1105 slide-1107" /></a><div class="caption-wrap"><div class="caption">Ukulélé Concert Koa Flammé</div></div></li>
            </ul>
        </div>
        
    </div>
</div></p>
